{"id":156,"date":"2024-03-05T00:11:34","date_gmt":"2024-03-04T23:11:34","guid":{"rendered":"https:\/\/priceless-proskuriakova.5-196-77-226.plesk.page\/?page_id=156"},"modified":"2024-03-12T08:53:25","modified_gmt":"2024-03-12T07:53:25","slug":"o-nas","status":"publish","type":"page","link":"https:\/\/priceless-proskuriakova.5-196-77-226.plesk.page\/index.php\/o-nas\/","title":{"rendered":"O nas"},"content":{"rendered":"\t\t<div data-elementor-type=\"wp-page\" data-elementor-id=\"156\" class=\"elementor elementor-156\">\n\t\t\t\t\t\t<section class=\"elementor-section elementor-top-section elementor-element elementor-element-8efba1a elementor-section-boxed elementor-section-height-default elementor-section-height-default\" data-id=\"8efba1a\" data-element_type=\"section\">\n\t\t\t\t\t\t<div class=\"elementor-container elementor-column-gap-default\">\n\t\t\t\t\t<div class=\"elementor-column elementor-col-100 elementor-top-column elementor-element elementor-element-dc6f442\" data-id=\"dc6f442\" data-element_type=\"column\">\n\t\t\t<div class=\"elementor-widget-wrap elementor-element-populated\">\n\t\t\t\t\t\t<div class=\"elementor-element elementor-element-e266836 elementor-widget elementor-widget-heading\" data-id=\"e266836\" data-element_type=\"widget\" data-widget_type=\"heading.default\">\n\t\t\t\t<div class=\"elementor-widget-container\">\n\t\t\t<style>\/*! elementor - v3.20.0 - 13-03-2024 *\/\n.elementor-heading-title{padding:0;margin:0;line-height:1}.elementor-widget-heading .elementor-heading-title[class*=elementor-size-]>a{color:inherit;font-size:inherit;line-height:inherit}.elementor-widget-heading .elementor-heading-title.elementor-size-small{font-size:15px}.elementor-widget-heading .elementor-heading-title.elementor-size-medium{font-size:19px}.elementor-widget-heading .elementor-heading-title.elementor-size-large{font-size:29px}.elementor-widget-heading .elementor-heading-title.elementor-size-xl{font-size:39px}.elementor-widget-heading .elementor-heading-title.elementor-size-xxl{font-size:59px}<\/style><h2 class=\"elementor-heading-title elementor-size-default\">O nas<\/h2>\t\t<\/div>\n\t\t\t\t<\/div>\n\t\t\t\t\t<\/div>\n\t\t<\/div>\n\t\t\t\t\t<\/div>\n\t\t<\/section>\n\t\t\t\t<section class=\"elementor-section elementor-top-section elementor-element elementor-element-199a058 elementor-section-boxed elementor-section-height-default elementor-section-height-default\" data-id=\"199a058\" data-element_type=\"section\">\n\t\t\t\t\t\t<div class=\"elementor-container elementor-column-gap-default\">\n\t\t\t\t\t<div class=\"elementor-column elementor-col-100 elementor-top-column elementor-element elementor-element-430dfc2\" data-id=\"430dfc2\" data-element_type=\"column\">\n\t\t\t<div class=\"elementor-widget-wrap elementor-element-populated\">\n\t\t\t\t\t\t<div class=\"elementor-element elementor-element-dad916c elementor-widget elementor-widget-spacer\" data-id=\"dad916c\" data-element_type=\"widget\" data-widget_type=\"spacer.default\">\n\t\t\t\t<div class=\"elementor-widget-container\">\n\t\t\t<style>\/*! elementor - v3.20.0 - 13-03-2024 *\/\n.elementor-column .elementor-spacer-inner{height:var(--spacer-size)}.e-con{--container-widget-width:100%}.e-con-inner>.elementor-widget-spacer,.e-con>.elementor-widget-spacer{width:var(--container-widget-width,var(--spacer-size));--align-self:var(--container-widget-align-self,initial);--flex-shrink:0}.e-con-inner>.elementor-widget-spacer>.elementor-widget-container,.e-con>.elementor-widget-spacer>.elementor-widget-container{height:100%;width:100%}.e-con-inner>.elementor-widget-spacer>.elementor-widget-container>.elementor-spacer,.e-con>.elementor-widget-spacer>.elementor-widget-container>.elementor-spacer{height:100%}.e-con-inner>.elementor-widget-spacer>.elementor-widget-container>.elementor-spacer>.elementor-spacer-inner,.e-con>.elementor-widget-spacer>.elementor-widget-container>.elementor-spacer>.elementor-spacer-inner{height:var(--container-widget-height,var(--spacer-size))}.e-con-inner>.elementor-widget-spacer.elementor-widget-empty,.e-con>.elementor-widget-spacer.elementor-widget-empty{position:relative;min-height:22px;min-width:22px}.e-con-inner>.elementor-widget-spacer.elementor-widget-empty .elementor-widget-empty-icon,.e-con>.elementor-widget-spacer.elementor-widget-empty .elementor-widget-empty-icon{position:absolute;top:0;bottom:0;left:0;right:0;margin:auto;padding:0;width:22px;height:22px}<\/style>\t\t<div class=\"elementor-spacer\">\n\t\t\t<div class=\"elementor-spacer-inner\"><\/div>\n\t\t<\/div>\n\t\t\t\t<\/div>\n\t\t\t\t<\/div>\n\t\t\t\t\t<\/div>\n\t\t<\/div>\n\t\t\t\t\t<\/div>\n\t\t<\/section>\n\t\t\t\t<section class=\"elementor-section elementor-top-section elementor-element elementor-element-af8fb06 elementor-section-boxed elementor-section-height-default elementor-section-height-default\" data-id=\"af8fb06\" data-element_type=\"section\">\n\t\t\t\t\t\t<div class=\"elementor-container elementor-column-gap-default\">\n\t\t\t\t\t<div class=\"elementor-column elementor-col-100 elementor-top-column elementor-element elementor-element-a76652c\" data-id=\"a76652c\" data-element_type=\"column\">\n\t\t\t<div class=\"elementor-widget-wrap elementor-element-populated\">\n\t\t\t\t\t\t<div class=\"elementor-element elementor-element-5653afa elementor-widget elementor-widget-text-editor\" data-id=\"5653afa\" data-element_type=\"widget\" data-widget_type=\"text-editor.default\">\n\t\t\t\t<div class=\"elementor-widget-container\">\n\t\t\t<style>\/*! elementor - v3.20.0 - 13-03-2024 *\/\n.elementor-widget-text-editor.elementor-drop-cap-view-stacked .elementor-drop-cap{background-color:#69727d;color:#fff}.elementor-widget-text-editor.elementor-drop-cap-view-framed .elementor-drop-cap{color:#69727d;border:3px solid;background-color:transparent}.elementor-widget-text-editor:not(.elementor-drop-cap-view-default) .elementor-drop-cap{margin-top:8px}.elementor-widget-text-editor:not(.elementor-drop-cap-view-default) .elementor-drop-cap-letter{width:1em;height:1em}.elementor-widget-text-editor .elementor-drop-cap{float:left;text-align:center;line-height:1;font-size:50px}.elementor-widget-text-editor .elementor-drop-cap-letter{display:inline-block}<\/style>\t\t\t\t<p>MPST Sp. z o. o. jest firm\u0105 technologiczn\u0105 skoncentrowan\u0105 na <strong>dostawach, wdro\u017ceniach i wsparciu serwisowym<\/strong> dla rozwi\u0105za\u0144 informatycznych stosowanych w plac\u00f3wkach ochrony zdrowia.<\/p>\t\t\t\t\t\t<\/div>\n\t\t\t\t<\/div>\n\t\t\t\t\t<\/div>\n\t\t<\/div>\n\t\t\t\t\t<\/div>\n\t\t<\/section>\n\t\t\t\t<section class=\"elementor-section elementor-top-section elementor-element elementor-element-33e5ee7 elementor-section-boxed elementor-section-height-default elementor-section-height-default\" data-id=\"33e5ee7\" data-element_type=\"section\">\n\t\t\t\t\t\t<div class=\"elementor-container elementor-column-gap-default\">\n\t\t\t\t\t<div class=\"elementor-column elementor-col-100 elementor-top-column elementor-element elementor-element-ab87792\" data-id=\"ab87792\" data-element_type=\"column\">\n\t\t\t<div class=\"elementor-widget-wrap elementor-element-populated\">\n\t\t\t\t\t\t<div class=\"elementor-element elementor-element-12291ab elementor-widget elementor-widget-text-editor\" data-id=\"12291ab\" data-element_type=\"widget\" data-widget_type=\"text-editor.default\">\n\t\t\t\t<div class=\"elementor-widget-container\">\n\t\t\t\t\t\t\t<p>Pozostaj\u0105c autoryzowanym partnerem <strong>Philips<\/strong>, w spektrum naszych kompetencji stawiamy radiologiczne i kardiologiczne systemy informatyczne przeznaczone do zaawansowanej wizualizacji i analizy (<strong>Philips IntelliSpace Portal, Philips IntelliSpace Cardiovascular<\/strong>) oraz systemy archiwizacji i dystrybucji obraz\u00f3w medycznych PACS (<strong>Philips VuePACS<\/strong>).<\/p><p>Wieloletnie do\u015bwiadczenie naszego zespo\u0142u w \u015bwiadczeniu wsparcia informatycznego dla dzia\u0142\u00f3w aparatury medycznej jak i dzia\u0142\u00f3w informatyki w plac\u00f3wkach ochrony zdrowia, pozwala nam na zaoferowanie zaawansowanych, jasno zdefiniowanych i mierzalnych us\u0142ug oraz rozwi\u0105za\u0144. Proponowane przez nas rozwi\u0105zania s\u0105 bezpo\u015bredni\u0105 odpowiedzi\u0105 na zapotrzebowanie ze strony klient\u00f3w.<\/p><p>Sk\u0142ad osobowy organizacji MPST jest kluczowym elementem jej efektywnego funkcjonowania. Nasze szeregi zasilaj\u0105 osoby z wieloletnim do\u015bwiadczeniem w mi\u0119dzynarodowych korporacjach, zajmuj\u0105cych si\u0119 dostarczaniem rozwi\u0105za\u0144 dedykowanych ochronie zdrowia. Daje nam to poczucie g\u0142\u0119bokiego zrozumienia problematyki z jak\u0105 borykaj\u0105 si\u0119 klienci.<\/p>\t\t\t\t\t\t<\/div>\n\t\t\t\t<\/div>\n\t\t\t\t\t<\/div>\n\t\t<\/div>\n\t\t\t\t\t<\/div>\n\t\t<\/section>\n\t\t\t\t<\/div>\n\t\t","protected":false},"excerpt":{"rendered":"<p>O nas MPST Sp. z o. o. jest firm\u0105 technologiczn\u0105 skoncentrowan\u0105 na dostawach, wdro\u017ceniach i wsparciu serwisowym dla rozwi\u0105za\u0144 informatycznych stosowanych w plac\u00f3wkach ochrony zdrowia. Pozostaj\u0105c autoryzowanym partnerem Philips, w spektrum naszych kompetencji stawiamy radiologiczne i kardiologiczne systemy informatyczne przeznaczone do zaawansowanej wizualizacji i analizy (Philips IntelliSpace Portal, Philips IntelliSpace Cardiovascular) oraz systemy archiwizacji i [&hellip;]<\/p>\n","protected":false},"author":2,"featured_media":0,"parent":0,"menu_order":0,"comment_status":"closed","ping_status":"closed","template":"","meta":{"_acf_changed":false,"footnotes":""},"class_list":["post-156","page","type-page","status-publish","hentry"],"acf":[],"_links":{"self":[{"href":"https:\/\/priceless-proskuriakova.5-196-77-226.plesk.page\/index.php\/wp-json\/wp\/v2\/pages\/156","targetHints":{"allow":["GET"]}}],"collection":[{"href":"https:\/\/priceless-proskuriakova.5-196-77-226.plesk.page\/index.php\/wp-json\/wp\/v2\/pages"}],"about":[{"href":"https:\/\/priceless-proskuriakova.5-196-77-226.plesk.page\/index.php\/wp-json\/wp\/v2\/types\/page"}],"author":[{"embeddable":true,"href":"https:\/\/priceless-proskuriakova.5-196-77-226.plesk.page\/index.php\/wp-json\/wp\/v2\/users\/2"}],"replies":[{"embeddable":true,"href":"https:\/\/priceless-proskuriakova.5-196-77-226.plesk.page\/index.php\/wp-json\/wp\/v2\/comments?post=156"}],"version-history":[{"count":24,"href":"https:\/\/priceless-proskuriakova.5-196-77-226.plesk.page\/index.php\/wp-json\/wp\/v2\/pages\/156\/revisions"}],"predecessor-version":[{"id":611,"href":"https:\/\/priceless-proskuriakova.5-196-77-226.plesk.page\/index.php\/wp-json\/wp\/v2\/pages\/156\/revisions\/611"}],"wp:attachment":[{"href":"https:\/\/priceless-proskuriakova.5-196-77-226.plesk.page\/index.php\/wp-json\/wp\/v2\/media?parent=156"}],"curies":[{"name":"wp","href":"https:\/\/api.w.org\/{rel}","templated":true}]}}