{"id":176,"date":"2024-03-05T00:50:04","date_gmt":"2024-03-04T23:50:04","guid":{"rendered":"https:\/\/priceless-proskuriakova.5-196-77-226.plesk.page\/?page_id=176"},"modified":"2024-03-12T08:55:30","modified_gmt":"2024-03-12T07:55:30","slug":"zespol","status":"publish","type":"page","link":"https:\/\/priceless-proskuriakova.5-196-77-226.plesk.page\/index.php\/zespol\/","title":{"rendered":"Zesp\u00f3\u0142"},"content":{"rendered":"\t\t<div data-elementor-type=\"wp-page\" data-elementor-id=\"176\" class=\"elementor elementor-176\">\n\t\t\t\t\t\t<section class=\"elementor-section elementor-top-section elementor-element elementor-element-7d7facd elementor-section-boxed elementor-section-height-default elementor-section-height-default\" data-id=\"7d7facd\" data-element_type=\"section\">\n\t\t\t\t\t\t<div class=\"elementor-container elementor-column-gap-default\">\n\t\t\t\t\t<div class=\"elementor-column elementor-col-100 elementor-top-column elementor-element elementor-element-2923b7c\" data-id=\"2923b7c\" data-element_type=\"column\">\n\t\t\t<div class=\"elementor-widget-wrap elementor-element-populated\">\n\t\t\t\t\t\t<div class=\"elementor-element elementor-element-2a85bbf elementor-widget elementor-widget-heading\" data-id=\"2a85bbf\" data-element_type=\"widget\" data-widget_type=\"heading.default\">\n\t\t\t\t<div class=\"elementor-widget-container\">\n\t\t\t<style>\/*! elementor - v3.20.0 - 13-03-2024 *\/\n.elementor-heading-title{padding:0;margin:0;line-height:1}.elementor-widget-heading .elementor-heading-title[class*=elementor-size-]>a{color:inherit;font-size:inherit;line-height:inherit}.elementor-widget-heading .elementor-heading-title.elementor-size-small{font-size:15px}.elementor-widget-heading .elementor-heading-title.elementor-size-medium{font-size:19px}.elementor-widget-heading .elementor-heading-title.elementor-size-large{font-size:29px}.elementor-widget-heading .elementor-heading-title.elementor-size-xl{font-size:39px}.elementor-widget-heading .elementor-heading-title.elementor-size-xxl{font-size:59px}<\/style><h2 class=\"elementor-heading-title elementor-size-default\">Zesp\u00f3\u0142<\/h2>\t\t<\/div>\n\t\t\t\t<\/div>\n\t\t\t\t\t<\/div>\n\t\t<\/div>\n\t\t\t\t\t<\/div>\n\t\t<\/section>\n\t\t\t\t<section class=\"elementor-section elementor-top-section elementor-element elementor-element-e042a76 elementor-section-boxed elementor-section-height-default elementor-section-height-default\" data-id=\"e042a76\" data-element_type=\"section\">\n\t\t\t\t\t\t<div class=\"elementor-container elementor-column-gap-default\">\n\t\t\t\t\t<div class=\"elementor-column elementor-col-100 elementor-top-column elementor-element elementor-element-fc789ab\" data-id=\"fc789ab\" data-element_type=\"column\">\n\t\t\t<div class=\"elementor-widget-wrap\">\n\t\t\t\t\t\t\t<\/div>\n\t\t<\/div>\n\t\t\t\t\t<\/div>\n\t\t<\/section>\n\t\t\t\t<section class=\"elementor-section elementor-top-section elementor-element elementor-element-ab4687a elementor-section-boxed elementor-section-height-default elementor-section-height-default\" data-id=\"ab4687a\" data-element_type=\"section\">\n\t\t\t\t\t\t<div class=\"elementor-container elementor-column-gap-default\">\n\t\t\t\t\t<div class=\"elementor-column elementor-col-50 elementor-top-column elementor-element elementor-element-801056c\" data-id=\"801056c\" data-element_type=\"column\">\n\t\t\t<div class=\"elementor-widget-wrap elementor-element-populated\">\n\t\t\t\t\t\t<div class=\"elementor-element elementor-element-b44f878 elementor-widget elementor-widget-image\" data-id=\"b44f878\" data-element_type=\"widget\" data-widget_type=\"image.default\">\n\t\t\t\t<div class=\"elementor-widget-container\">\n\t\t\t<style>\/*! elementor - v3.20.0 - 13-03-2024 *\/\n.elementor-widget-image{text-align:center}.elementor-widget-image a{display:inline-block}.elementor-widget-image a img[src$=\".svg\"]{width:48px}.elementor-widget-image img{vertical-align:middle;display:inline-block}<\/style>\t\t\t\t\t\t\t\t\t\t<img decoding=\"async\" src=\"https:\/\/priceless-proskuriakova.5-196-77-226.plesk.page\/wp-content\/uploads\/elementor\/thumbs\/ASy-qkvpci4i5et8foteul6jbqwv8errucy50hn2yr45j4.jpg\" title=\"ASy\" alt=\"ASy\" loading=\"lazy\" \/>\t\t\t\t\t\t\t\t\t\t\t\t\t<\/div>\n\t\t\t\t<\/div>\n\t\t\t\t\t<\/div>\n\t\t<\/div>\n\t\t\t\t<div class=\"elementor-column elementor-col-50 elementor-top-column elementor-element elementor-element-81670bb\" data-id=\"81670bb\" data-element_type=\"column\">\n\t\t\t<div class=\"elementor-widget-wrap elementor-element-populated\">\n\t\t\t\t\t\t<div class=\"elementor-element elementor-element-3be8b80 elementor-widget elementor-widget-image\" data-id=\"3be8b80\" data-element_type=\"widget\" data-widget_type=\"image.default\">\n\t\t\t\t<div class=\"elementor-widget-container\">\n\t\t\t\t\t\t\t\t\t\t\t\t\t<img decoding=\"async\" width=\"300\" height=\"16\" src=\"https:\/\/priceless-proskuriakova.5-196-77-226.plesk.page\/wp-content\/uploads\/2024\/03\/l4-300x16.png\" class=\"attachment-medium size-medium wp-image-196\" alt=\"\" srcset=\"https:\/\/priceless-proskuriakova.5-196-77-226.plesk.page\/wp-content\/uploads\/2024\/03\/l4-300x16.png 300w, https:\/\/priceless-proskuriakova.5-196-77-226.plesk.page\/wp-content\/uploads\/2024\/03\/l4.png 500w\" sizes=\"(max-width: 300px) 100vw, 300px\" \/>\t\t\t\t\t\t\t\t\t\t\t\t\t<\/div>\n\t\t\t\t<\/div>\n\t\t\t\t<div class=\"elementor-element elementor-element-a7bd603 elementor-widget elementor-widget-spacer\" data-id=\"a7bd603\" data-element_type=\"widget\" data-widget_type=\"spacer.default\">\n\t\t\t\t<div class=\"elementor-widget-container\">\n\t\t\t<style>\/*! elementor - v3.20.0 - 13-03-2024 *\/\n.elementor-column .elementor-spacer-inner{height:var(--spacer-size)}.e-con{--container-widget-width:100%}.e-con-inner>.elementor-widget-spacer,.e-con>.elementor-widget-spacer{width:var(--container-widget-width,var(--spacer-size));--align-self:var(--container-widget-align-self,initial);--flex-shrink:0}.e-con-inner>.elementor-widget-spacer>.elementor-widget-container,.e-con>.elementor-widget-spacer>.elementor-widget-container{height:100%;width:100%}.e-con-inner>.elementor-widget-spacer>.elementor-widget-container>.elementor-spacer,.e-con>.elementor-widget-spacer>.elementor-widget-container>.elementor-spacer{height:100%}.e-con-inner>.elementor-widget-spacer>.elementor-widget-container>.elementor-spacer>.elementor-spacer-inner,.e-con>.elementor-widget-spacer>.elementor-widget-container>.elementor-spacer>.elementor-spacer-inner{height:var(--container-widget-height,var(--spacer-size))}.e-con-inner>.elementor-widget-spacer.elementor-widget-empty,.e-con>.elementor-widget-spacer.elementor-widget-empty{position:relative;min-height:22px;min-width:22px}.e-con-inner>.elementor-widget-spacer.elementor-widget-empty .elementor-widget-empty-icon,.e-con>.elementor-widget-spacer.elementor-widget-empty .elementor-widget-empty-icon{position:absolute;top:0;bottom:0;left:0;right:0;margin:auto;padding:0;width:22px;height:22px}<\/style>\t\t<div class=\"elementor-spacer\">\n\t\t\t<div class=\"elementor-spacer-inner\"><\/div>\n\t\t<\/div>\n\t\t\t\t<\/div>\n\t\t\t\t<\/div>\n\t\t\t\t<div class=\"elementor-element elementor-element-bc7867c elementor-widget elementor-widget-heading\" data-id=\"bc7867c\" data-element_type=\"widget\" data-widget_type=\"heading.default\">\n\t\t\t\t<div class=\"elementor-widget-container\">\n\t\t\t<h2 class=\"elementor-heading-title elementor-size-default\">Andrzej Seregiet<\/h2>\t\t<\/div>\n\t\t\t\t<\/div>\n\t\t\t\t<div class=\"elementor-element elementor-element-b6bd1be elementor-widget elementor-widget-text-editor\" data-id=\"b6bd1be\" data-element_type=\"widget\" data-widget_type=\"text-editor.default\">\n\t\t\t\t<div class=\"elementor-widget-container\">\n\t\t\t<style>\/*! elementor - v3.20.0 - 13-03-2024 *\/\n.elementor-widget-text-editor.elementor-drop-cap-view-stacked .elementor-drop-cap{background-color:#69727d;color:#fff}.elementor-widget-text-editor.elementor-drop-cap-view-framed .elementor-drop-cap{color:#69727d;border:3px solid;background-color:transparent}.elementor-widget-text-editor:not(.elementor-drop-cap-view-default) .elementor-drop-cap{margin-top:8px}.elementor-widget-text-editor:not(.elementor-drop-cap-view-default) .elementor-drop-cap-letter{width:1em;height:1em}.elementor-widget-text-editor .elementor-drop-cap{float:left;text-align:center;line-height:1;font-size:50px}.elementor-widget-text-editor .elementor-drop-cap-letter{display:inline-block}<\/style>\t\t\t\t<p><span style=\"font-weight: 400;\">MPST (Medical Professional Services Team) to jak dot\u0105d jego najwi\u0119ksze zawodowe wyzwanie. Przez 13 lat mierzy\u0142 si\u0119 z tematyk\u0105 organizacji serwisowych dedykowanych plac\u00f3wkom medycznym w du\u017cych, mi\u0119dzynarodowych korporacjach takich, jak AGFA Healthcare czy Philips Healthcare. Do\u015bwiadczenie budowa\u0142 obejmuj\u0105c stanowiska od dzia\u0142u obs\u0142ugi klienta, przez koordynowanie du\u017cych zespo\u0142\u00f3w serwisowych, po mened\u017cera dzia\u0142\u00f3w serwisu we wspomnianych organizacjach. By\u0142 osob\u0105 odpowiedzialn\u0105 za sprzeda\u017c us\u0142ug serwisowych dla informatycznych system\u00f3w medycznych, bra\u0142 tak\u017ce udzia\u0142 we wdro\u017ceniach projekt\u00f3w regionalnych (eZdrowie). Zawsze w sta\u0142ym kontakcie z klientem i z pe\u0142n\u0105 determinacj\u0105 nakierowan\u0105 na zaspokojenie jego biznesowych wymaga\u0144.<\/span><\/p>\t\t\t\t\t\t<\/div>\n\t\t\t\t<\/div>\n\t\t\t\t\t<\/div>\n\t\t<\/div>\n\t\t\t\t\t<\/div>\n\t\t<\/section>\n\t\t\t\t<section class=\"elementor-section elementor-top-section elementor-element elementor-element-839fdb2 elementor-section-boxed elementor-section-height-default elementor-section-height-default\" data-id=\"839fdb2\" data-element_type=\"section\">\n\t\t\t\t\t\t<div class=\"elementor-container elementor-column-gap-default\">\n\t\t\t\t\t<div class=\"elementor-column elementor-col-50 elementor-top-column elementor-element elementor-element-f72a216\" data-id=\"f72a216\" data-element_type=\"column\">\n\t\t\t<div class=\"elementor-widget-wrap elementor-element-populated\">\n\t\t\t\t\t\t<div class=\"elementor-element elementor-element-a7596a7 elementor-widget elementor-widget-image\" data-id=\"a7596a7\" data-element_type=\"widget\" data-widget_type=\"image.default\">\n\t\t\t\t<div class=\"elementor-widget-container\">\n\t\t\t\t\t\t\t\t\t\t\t\t\t<img decoding=\"async\" width=\"300\" height=\"16\" src=\"https:\/\/priceless-proskuriakova.5-196-77-226.plesk.page\/wp-content\/uploads\/2024\/03\/l4-300x16.png\" class=\"attachment-medium size-medium wp-image-196\" alt=\"\" srcset=\"https:\/\/priceless-proskuriakova.5-196-77-226.plesk.page\/wp-content\/uploads\/2024\/03\/l4-300x16.png 300w, https:\/\/priceless-proskuriakova.5-196-77-226.plesk.page\/wp-content\/uploads\/2024\/03\/l4.png 500w\" sizes=\"(max-width: 300px) 100vw, 300px\" \/>\t\t\t\t\t\t\t\t\t\t\t\t\t<\/div>\n\t\t\t\t<\/div>\n\t\t\t\t<div class=\"elementor-element elementor-element-027848a elementor-widget elementor-widget-spacer\" data-id=\"027848a\" data-element_type=\"widget\" data-widget_type=\"spacer.default\">\n\t\t\t\t<div class=\"elementor-widget-container\">\n\t\t\t\t\t<div class=\"elementor-spacer\">\n\t\t\t<div class=\"elementor-spacer-inner\"><\/div>\n\t\t<\/div>\n\t\t\t\t<\/div>\n\t\t\t\t<\/div>\n\t\t\t\t<div class=\"elementor-element elementor-element-df6894f elementor-widget elementor-widget-heading\" data-id=\"df6894f\" data-element_type=\"widget\" data-widget_type=\"heading.default\">\n\t\t\t\t<div class=\"elementor-widget-container\">\n\t\t\t<h2 class=\"elementor-heading-title elementor-size-default\">Krzysztof Duchnowski<\/h2>\t\t<\/div>\n\t\t\t\t<\/div>\n\t\t\t\t<div class=\"elementor-element elementor-element-8b5054a elementor-widget elementor-widget-text-editor\" data-id=\"8b5054a\" data-element_type=\"widget\" data-widget_type=\"text-editor.default\">\n\t\t\t\t<div class=\"elementor-widget-container\">\n\t\t\t\t\t\t\t<p>Ze \u015bwiatem informatyki medycznej zwi\u0105zany od niemal 20 lat. Do\u015bwiadczenie budowa\u0142 b\u0119d\u0105c kluczowym specjalist\u0105 w zakresie system\u00f3w PACS (systemy do archiwizacji oraz dystrybucji obraz\u00f3w medycznych) w firmie AGFA Healthcare, in\u017cynierem serwisowym odpowiedzialnym za zaawansowane rozwi\u0105zania w zakresie obrazowania radiologicznego w Philips. Obecnie \u0142\u0105czy swoje wysokie kompetencje koncentruj\u0105c si\u0119 na najwi\u0119kszych rozwi\u0105zaniach z zakresu obrazowania medycznego w radiologii takich jak Philips IntelliSpace Portal czy Concerto. Zawsze ch\u0119tny do pomocy i dzielenia si\u0119 wiedz\u0105 z zakresu takich zagadnie\u0144 jak DICOM czy standardy HL7 w ramach og\u00f3lnopolskich spotka\u0144 specjalist\u00f3w IT plac\u00f3wek ochrony zdrowia.<\/p>\t\t\t\t\t\t<\/div>\n\t\t\t\t<\/div>\n\t\t\t\t\t<\/div>\n\t\t<\/div>\n\t\t\t\t<div class=\"elementor-column elementor-col-50 elementor-top-column elementor-element elementor-element-2d77009\" data-id=\"2d77009\" data-element_type=\"column\">\n\t\t\t<div class=\"elementor-widget-wrap elementor-element-populated\">\n\t\t\t\t\t\t<div class=\"elementor-element elementor-element-6e67138 elementor-widget elementor-widget-image\" data-id=\"6e67138\" data-element_type=\"widget\" data-widget_type=\"image.default\">\n\t\t\t\t<div class=\"elementor-widget-container\">\n\t\t\t\t\t\t\t\t\t\t\t\t\t<img decoding=\"async\" src=\"https:\/\/priceless-proskuriakova.5-196-77-226.plesk.page\/wp-content\/uploads\/elementor\/thumbs\/KDy-qkvpctekff8ob0d10q225o2ed186eq6x21gwq2nfgg.jpg\" title=\"KDy\" alt=\"KDy\" loading=\"lazy\" \/>\t\t\t\t\t\t\t\t\t\t\t\t\t<\/div>\n\t\t\t\t<\/div>\n\t\t\t\t\t<\/div>\n\t\t<\/div>\n\t\t\t\t\t<\/div>\n\t\t<\/section>\n\t\t\t\t<section class=\"elementor-section elementor-top-section elementor-element elementor-element-21f01e8 elementor-section-boxed elementor-section-height-default elementor-section-height-default\" data-id=\"21f01e8\" data-element_type=\"section\">\n\t\t\t\t\t\t<div class=\"elementor-container elementor-column-gap-default\">\n\t\t\t\t\t<div class=\"elementor-column elementor-col-50 elementor-top-column elementor-element elementor-element-c996d39\" data-id=\"c996d39\" data-element_type=\"column\">\n\t\t\t<div class=\"elementor-widget-wrap elementor-element-populated\">\n\t\t\t\t\t\t<div class=\"elementor-element elementor-element-323a97d elementor-widget elementor-widget-image\" data-id=\"323a97d\" data-element_type=\"widget\" data-widget_type=\"image.default\">\n\t\t\t\t<div class=\"elementor-widget-container\">\n\t\t\t\t\t\t\t\t\t\t\t\t\t<img decoding=\"async\" src=\"https:\/\/priceless-proskuriakova.5-196-77-226.plesk.page\/wp-content\/uploads\/elementor\/thumbs\/TKy-qkvpeo53wns17bo370wkkp84je38l8juz7sdspwh6o.jpg\" title=\"TKy\" alt=\"TKy\" loading=\"lazy\" \/>\t\t\t\t\t\t\t\t\t\t\t\t\t<\/div>\n\t\t\t\t<\/div>\n\t\t\t\t\t<\/div>\n\t\t<\/div>\n\t\t\t\t<div class=\"elementor-column elementor-col-50 elementor-top-column elementor-element elementor-element-769730c\" data-id=\"769730c\" data-element_type=\"column\">\n\t\t\t<div class=\"elementor-widget-wrap elementor-element-populated\">\n\t\t\t\t\t\t<div class=\"elementor-element elementor-element-84972da elementor-widget elementor-widget-image\" data-id=\"84972da\" data-element_type=\"widget\" data-widget_type=\"image.default\">\n\t\t\t\t<div class=\"elementor-widget-container\">\n\t\t\t\t\t\t\t\t\t\t\t\t\t<img decoding=\"async\" width=\"300\" height=\"16\" src=\"https:\/\/priceless-proskuriakova.5-196-77-226.plesk.page\/wp-content\/uploads\/2024\/03\/l4-300x16.png\" class=\"attachment-medium size-medium wp-image-196\" alt=\"\" srcset=\"https:\/\/priceless-proskuriakova.5-196-77-226.plesk.page\/wp-content\/uploads\/2024\/03\/l4-300x16.png 300w, https:\/\/priceless-proskuriakova.5-196-77-226.plesk.page\/wp-content\/uploads\/2024\/03\/l4.png 500w\" sizes=\"(max-width: 300px) 100vw, 300px\" \/>\t\t\t\t\t\t\t\t\t\t\t\t\t<\/div>\n\t\t\t\t<\/div>\n\t\t\t\t<div class=\"elementor-element elementor-element-0a6c81f elementor-widget elementor-widget-spacer\" data-id=\"0a6c81f\" data-element_type=\"widget\" data-widget_type=\"spacer.default\">\n\t\t\t\t<div class=\"elementor-widget-container\">\n\t\t\t\t\t<div class=\"elementor-spacer\">\n\t\t\t<div class=\"elementor-spacer-inner\"><\/div>\n\t\t<\/div>\n\t\t\t\t<\/div>\n\t\t\t\t<\/div>\n\t\t\t\t<div class=\"elementor-element elementor-element-f47c3cf elementor-widget elementor-widget-heading\" data-id=\"f47c3cf\" data-element_type=\"widget\" data-widget_type=\"heading.default\">\n\t\t\t\t<div class=\"elementor-widget-container\">\n\t\t\t<h2 class=\"elementor-heading-title elementor-size-default\">Tomasz Kujawski<\/h2>\t\t<\/div>\n\t\t\t\t<\/div>\n\t\t\t\t<div class=\"elementor-element elementor-element-09937be elementor-widget elementor-widget-text-editor\" data-id=\"09937be\" data-element_type=\"widget\" data-widget_type=\"text-editor.default\">\n\t\t\t\t<div class=\"elementor-widget-container\">\n\t\t\t\t\t\t\t<p>Do zespo\u0142u MPST do\u0142\u0105czy\u0142 w roku 2015. Pocz\u0105tkowo odpowiedzialny za projektowanie i architektur\u0119 rozwi\u0105za\u0144 informatycznych dedykowanych informatycznym systemom medycznym. Obecnie kluczowy specjalista zajmuj\u0105cy si\u0119 zaawansowanymi systemami IT w kardiologii, takich jak Philips IntelliSpace Cardiovascular. Na jego koncie znajduje si\u0119 szereg wdro\u017ce\u0144 tego typu zainstalowanych w najwi\u0119kszych plac\u00f3wkach medycznych w Polsce jak i regionie CEE. Tomasz jest tak\u017ce odpowiedzialny za wsparcie dla rozwi\u0105za\u0144 do archiwizacji wynik\u00f3w patomorfologicznych.<\/p>\t\t\t\t\t\t<\/div>\n\t\t\t\t<\/div>\n\t\t\t\t\t<\/div>\n\t\t<\/div>\n\t\t\t\t\t<\/div>\n\t\t<\/section>\n\t\t\t\t<section class=\"elementor-section elementor-top-section elementor-element elementor-element-6678132 elementor-section-boxed elementor-section-height-default elementor-section-height-default\" data-id=\"6678132\" data-element_type=\"section\">\n\t\t\t\t\t\t<div class=\"elementor-container elementor-column-gap-default\">\n\t\t\t\t\t<div class=\"elementor-column elementor-col-50 elementor-top-column elementor-element elementor-element-a2951ff\" data-id=\"a2951ff\" data-element_type=\"column\">\n\t\t\t<div class=\"elementor-widget-wrap elementor-element-populated\">\n\t\t\t\t\t\t<div class=\"elementor-element elementor-element-52b86bf elementor-widget elementor-widget-image\" data-id=\"52b86bf\" data-element_type=\"widget\" data-widget_type=\"image.default\">\n\t\t\t\t<div class=\"elementor-widget-container\">\n\t\t\t\t\t\t\t\t\t\t\t\t\t<img decoding=\"async\" width=\"300\" height=\"16\" src=\"https:\/\/priceless-proskuriakova.5-196-77-226.plesk.page\/wp-content\/uploads\/2024\/03\/l4-300x16.png\" class=\"attachment-medium size-medium wp-image-196\" alt=\"\" srcset=\"https:\/\/priceless-proskuriakova.5-196-77-226.plesk.page\/wp-content\/uploads\/2024\/03\/l4-300x16.png 300w, https:\/\/priceless-proskuriakova.5-196-77-226.plesk.page\/wp-content\/uploads\/2024\/03\/l4.png 500w\" sizes=\"(max-width: 300px) 100vw, 300px\" \/>\t\t\t\t\t\t\t\t\t\t\t\t\t<\/div>\n\t\t\t\t<\/div>\n\t\t\t\t<div class=\"elementor-element elementor-element-2cfe6bb elementor-widget elementor-widget-spacer\" data-id=\"2cfe6bb\" data-element_type=\"widget\" data-widget_type=\"spacer.default\">\n\t\t\t\t<div class=\"elementor-widget-container\">\n\t\t\t\t\t<div class=\"elementor-spacer\">\n\t\t\t<div class=\"elementor-spacer-inner\"><\/div>\n\t\t<\/div>\n\t\t\t\t<\/div>\n\t\t\t\t<\/div>\n\t\t\t\t<div class=\"elementor-element elementor-element-1a179cc elementor-widget elementor-widget-heading\" data-id=\"1a179cc\" data-element_type=\"widget\" data-widget_type=\"heading.default\">\n\t\t\t\t<div class=\"elementor-widget-container\">\n\t\t\t<h2 class=\"elementor-heading-title elementor-size-default\">\u0141ukasz Karwacki<\/h2>\t\t<\/div>\n\t\t\t\t<\/div>\n\t\t\t\t<div class=\"elementor-element elementor-element-9d441b5 elementor-widget elementor-widget-text-editor\" data-id=\"9d441b5\" data-element_type=\"widget\" data-widget_type=\"text-editor.default\">\n\t\t\t\t<div class=\"elementor-widget-container\">\n\t\t\t\t\t\t\t<p>Z racji jego ogromnego do\u015bwiadczenia w zakresie rozwi\u0105za\u0144 sieciowych, \u0141ukasz do\u0142\u0105czy\u0142 do zespo\u0142u MPST na stanowisko in\u017cyniera odpowiedzialnego za monitoring i utrzymanie dedykowanego kana\u0142u dost\u0119pu zdalnego do urz\u0105dze\u0144 medycznych Philips (RSN \u2013 Remote Service Network). Szybko jednak okaza\u0142o si\u0119, \u017ce medyczne systemy informatyczne s\u0105 dla niego wielkim wyzwaniem i pasj\u0105. Dzi\u015b kluczowy specjalista w zakresie system\u00f3w PACS (Philips VuePACS). Nieoceniony na etapie projektowania rozwi\u0105za\u0144 z racji wieloletniego do\u015bwiadczenia w pracy z sieciami oraz markowymi rozwi\u0105zaniami sprz\u0119towymi IT.<\/p>\t\t\t\t\t\t<\/div>\n\t\t\t\t<\/div>\n\t\t\t\t<div class=\"elementor-element elementor-element-68c157d elementor-widget elementor-widget-spacer\" data-id=\"68c157d\" data-element_type=\"widget\" data-widget_type=\"spacer.default\">\n\t\t\t\t<div class=\"elementor-widget-container\">\n\t\t\t\t\t<div class=\"elementor-spacer\">\n\t\t\t<div class=\"elementor-spacer-inner\"><\/div>\n\t\t<\/div>\n\t\t\t\t<\/div>\n\t\t\t\t<\/div>\n\t\t\t\t\t<\/div>\n\t\t<\/div>\n\t\t\t\t<div class=\"elementor-column elementor-col-50 elementor-top-column elementor-element elementor-element-560eb98\" data-id=\"560eb98\" data-element_type=\"column\">\n\t\t\t<div class=\"elementor-widget-wrap elementor-element-populated\">\n\t\t\t\t\t\t<div class=\"elementor-element elementor-element-0d9f307 elementor-widget elementor-widget-image\" data-id=\"0d9f307\" data-element_type=\"widget\" data-widget_type=\"image.default\">\n\t\t\t\t<div class=\"elementor-widget-container\">\n\t\t\t\t\t\t\t\t\t\t\t\t\t<img decoding=\"async\" src=\"https:\/\/priceless-proskuriakova.5-196-77-226.plesk.page\/wp-content\/uploads\/elementor\/thumbs\/LKy-1-qkvpets51nzr4zfwa3cbznsw3pbfvf68zzpaodo45c.jpg\" title=\"LKy\" alt=\"LKy\" loading=\"lazy\" \/>\t\t\t\t\t\t\t\t\t\t\t\t\t<\/div>\n\t\t\t\t<\/div>\n\t\t\t\t\t<\/div>\n\t\t<\/div>\n\t\t\t\t\t<\/div>\n\t\t<\/section>\n\t\t\t\t<section class=\"elementor-section elementor-top-section elementor-element elementor-element-870f73e elementor-section-boxed elementor-section-height-default elementor-section-height-default\" data-id=\"870f73e\" data-element_type=\"section\">\n\t\t\t\t\t\t<div class=\"elementor-container elementor-column-gap-default\">\n\t\t\t\t\t<div class=\"elementor-column elementor-col-100 elementor-top-column elementor-element elementor-element-6cc173b\" data-id=\"6cc173b\" data-element_type=\"column\">\n\t\t\t<div class=\"elementor-widget-wrap\">\n\t\t\t\t\t\t\t<\/div>\n\t\t<\/div>\n\t\t\t\t\t<\/div>\n\t\t<\/section>\n\t\t\t\t<\/div>\n\t\t","protected":false},"excerpt":{"rendered":"<p>Zesp\u00f3\u0142 Andrzej Seregiet MPST (Medical Professional Services Team) to jak dot\u0105d jego najwi\u0119ksze zawodowe wyzwanie. Przez 13 lat mierzy\u0142 si\u0119 z tematyk\u0105 organizacji serwisowych dedykowanych plac\u00f3wkom medycznym w du\u017cych, mi\u0119dzynarodowych korporacjach takich, jak AGFA Healthcare czy Philips Healthcare. Do\u015bwiadczenie budowa\u0142 obejmuj\u0105c stanowiska od dzia\u0142u obs\u0142ugi klienta, przez koordynowanie du\u017cych zespo\u0142\u00f3w serwisowych, po mened\u017cera dzia\u0142\u00f3w serwisu [&hellip;]<\/p>\n","protected":false},"author":2,"featured_media":0,"parent":0,"menu_order":0,"comment_status":"closed","ping_status":"closed","template":"","meta":{"_acf_changed":false,"footnotes":""},"class_list":["post-176","page","type-page","status-publish","hentry"],"acf":[],"_links":{"self":[{"href":"https:\/\/priceless-proskuriakova.5-196-77-226.plesk.page\/index.php\/wp-json\/wp\/v2\/pages\/176","targetHints":{"allow":["GET"]}}],"collection":[{"href":"https:\/\/priceless-proskuriakova.5-196-77-226.plesk.page\/index.php\/wp-json\/wp\/v2\/pages"}],"about":[{"href":"https:\/\/priceless-proskuriakova.5-196-77-226.plesk.page\/index.php\/wp-json\/wp\/v2\/types\/page"}],"author":[{"embeddable":true,"href":"https:\/\/priceless-proskuriakova.5-196-77-226.plesk.page\/index.php\/wp-json\/wp\/v2\/users\/2"}],"replies":[{"embeddable":true,"href":"https:\/\/priceless-proskuriakova.5-196-77-226.plesk.page\/index.php\/wp-json\/wp\/v2\/comments?post=176"}],"version-history":[{"count":74,"href":"https:\/\/priceless-proskuriakova.5-196-77-226.plesk.page\/index.php\/wp-json\/wp\/v2\/pages\/176\/revisions"}],"predecessor-version":[{"id":617,"href":"https:\/\/priceless-proskuriakova.5-196-77-226.plesk.page\/index.php\/wp-json\/wp\/v2\/pages\/176\/revisions\/617"}],"wp:attachment":[{"href":"https:\/\/priceless-proskuriakova.5-196-77-226.plesk.page\/index.php\/wp-json\/wp\/v2\/media?parent=176"}],"curies":[{"name":"wp","href":"https:\/\/api.w.org\/{rel}","templated":true}]}}