{"id":187,"date":"2024-03-06T22:00:50","date_gmt":"2024-03-06T21:00:50","guid":{"rendered":"https:\/\/priceless-proskuriakova.5-196-77-226.plesk.page\/?page_id=187"},"modified":"2024-03-12T09:01:44","modified_gmt":"2024-03-12T08:01:44","slug":"zakres-dzialania","status":"publish","type":"page","link":"https:\/\/priceless-proskuriakova.5-196-77-226.plesk.page\/index.php\/zakres-dzialania\/","title":{"rendered":"Zakres dzia\u0142ania"},"content":{"rendered":"\t\t<div data-elementor-type=\"wp-page\" data-elementor-id=\"187\" class=\"elementor elementor-187\">\n\t\t\t\t\t\t<section class=\"elementor-section elementor-top-section elementor-element elementor-element-b357e82 elementor-section-boxed elementor-section-height-default elementor-section-height-default\" data-id=\"b357e82\" data-element_type=\"section\">\n\t\t\t\t\t\t<div class=\"elementor-container elementor-column-gap-default\">\n\t\t\t\t\t<div class=\"elementor-column elementor-col-100 elementor-top-column elementor-element elementor-element-54c3edf\" data-id=\"54c3edf\" data-element_type=\"column\">\n\t\t\t<div class=\"elementor-widget-wrap elementor-element-populated\">\n\t\t\t\t\t\t<div class=\"elementor-element elementor-element-2dbd241 elementor-widget elementor-widget-heading\" data-id=\"2dbd241\" data-element_type=\"widget\" data-widget_type=\"heading.default\">\n\t\t\t\t<div class=\"elementor-widget-container\">\n\t\t\t<style>\/*! elementor - v3.20.0 - 13-03-2024 *\/\n.elementor-heading-title{padding:0;margin:0;line-height:1}.elementor-widget-heading .elementor-heading-title[class*=elementor-size-]>a{color:inherit;font-size:inherit;line-height:inherit}.elementor-widget-heading .elementor-heading-title.elementor-size-small{font-size:15px}.elementor-widget-heading .elementor-heading-title.elementor-size-medium{font-size:19px}.elementor-widget-heading .elementor-heading-title.elementor-size-large{font-size:29px}.elementor-widget-heading .elementor-heading-title.elementor-size-xl{font-size:39px}.elementor-widget-heading .elementor-heading-title.elementor-size-xxl{font-size:59px}<\/style><h2 class=\"elementor-heading-title elementor-size-default\">Zakres dzia\u0142ania<\/h2>\t\t<\/div>\n\t\t\t\t<\/div>\n\t\t\t\t\t<\/div>\n\t\t<\/div>\n\t\t\t\t\t<\/div>\n\t\t<\/section>\n\t\t\t\t<section class=\"elementor-section elementor-top-section elementor-element elementor-element-273fa71 elementor-section-boxed elementor-section-height-default elementor-section-height-default\" data-id=\"273fa71\" data-element_type=\"section\">\n\t\t\t\t\t\t<div class=\"elementor-container elementor-column-gap-default\">\n\t\t\t\t\t<div class=\"elementor-column elementor-col-50 elementor-top-column elementor-element elementor-element-f32ee40\" data-id=\"f32ee40\" data-element_type=\"column\">\n\t\t\t<div class=\"elementor-widget-wrap\">\n\t\t\t\t\t\t\t<\/div>\n\t\t<\/div>\n\t\t\t\t<div class=\"elementor-column elementor-col-50 elementor-top-column elementor-element elementor-element-38f8128\" data-id=\"38f8128\" data-element_type=\"column\">\n\t\t\t<div class=\"elementor-widget-wrap elementor-element-populated\">\n\t\t\t\t\t\t<div class=\"elementor-element elementor-element-24d4a17 elementor-widget elementor-widget-image\" data-id=\"24d4a17\" data-element_type=\"widget\" data-widget_type=\"image.default\">\n\t\t\t\t<div class=\"elementor-widget-container\">\n\t\t\t<style>\/*! elementor - v3.20.0 - 13-03-2024 *\/\n.elementor-widget-image{text-align:center}.elementor-widget-image a{display:inline-block}.elementor-widget-image a img[src$=\".svg\"]{width:48px}.elementor-widget-image img{vertical-align:middle;display:inline-block}<\/style>\t\t\t\t\t\t\t\t\t\t<img decoding=\"async\" width=\"300\" height=\"16\" src=\"https:\/\/priceless-proskuriakova.5-196-77-226.plesk.page\/wp-content\/uploads\/2024\/03\/l4-grey-300x16.png\" class=\"attachment-medium size-medium wp-image-226\" alt=\"\" srcset=\"https:\/\/priceless-proskuriakova.5-196-77-226.plesk.page\/wp-content\/uploads\/2024\/03\/l4-grey-300x16.png 300w, https:\/\/priceless-proskuriakova.5-196-77-226.plesk.page\/wp-content\/uploads\/2024\/03\/l4-grey.png 500w\" sizes=\"(max-width: 300px) 100vw, 300px\" \/>\t\t\t\t\t\t\t\t\t\t\t\t\t<\/div>\n\t\t\t\t<\/div>\n\t\t\t\t\t<\/div>\n\t\t<\/div>\n\t\t\t\t\t<\/div>\n\t\t<\/section>\n\t\t\t\t<section class=\"elementor-section elementor-top-section elementor-element elementor-element-225c29d elementor-section-boxed elementor-section-height-default elementor-section-height-default\" data-id=\"225c29d\" data-element_type=\"section\">\n\t\t\t\t\t\t<div class=\"elementor-container elementor-column-gap-default\">\n\t\t\t\t\t<div class=\"elementor-column elementor-col-100 elementor-top-column elementor-element elementor-element-0d8258c\" data-id=\"0d8258c\" data-element_type=\"column\">\n\t\t\t<div class=\"elementor-widget-wrap elementor-element-populated\">\n\t\t\t\t\t\t<div class=\"elementor-element elementor-element-e41d51a elementor-widget elementor-widget-text-editor\" data-id=\"e41d51a\" data-element_type=\"widget\" data-widget_type=\"text-editor.default\">\n\t\t\t\t<div class=\"elementor-widget-container\">\n\t\t\t<style>\/*! elementor - v3.20.0 - 13-03-2024 *\/\n.elementor-widget-text-editor.elementor-drop-cap-view-stacked .elementor-drop-cap{background-color:#69727d;color:#fff}.elementor-widget-text-editor.elementor-drop-cap-view-framed .elementor-drop-cap{color:#69727d;border:3px solid;background-color:transparent}.elementor-widget-text-editor:not(.elementor-drop-cap-view-default) .elementor-drop-cap{margin-top:8px}.elementor-widget-text-editor:not(.elementor-drop-cap-view-default) .elementor-drop-cap-letter{width:1em;height:1em}.elementor-widget-text-editor .elementor-drop-cap{float:left;text-align:center;line-height:1;font-size:50px}.elementor-widget-text-editor .elementor-drop-cap-letter{display:inline-block}<\/style>\t\t\t\t<p><strong>Wybrane elementy spektrum naszego dzia\u0142ania:<\/strong><\/p>\t\t\t\t\t\t<\/div>\n\t\t\t\t<\/div>\n\t\t\t\t<div class=\"elementor-element elementor-element-40bb759 elementor-widget elementor-widget-text-editor\" data-id=\"40bb759\" data-element_type=\"widget\" data-widget_type=\"text-editor.default\">\n\t\t\t\t<div class=\"elementor-widget-container\">\n\t\t\t\t\t\t\t<p><strong>ZAKRES 1<\/strong><\/p><ul><li>Administracja i obs\u0142uga platform sprz\u0119towych (m. in. serwery, macierze dyskowe, biblioteki ta\u015bmowe)<\/li><li>Instalacja, konfiguracja, nadz\u00f3r nad systemami operacyjnymi (tak\u017ce w zakresie aktualizacji oprogramowania)<\/li><li>Administracja bazami danych, zarz\u0105dzanie kopiami bezpiecze\u0144stwa (backup bazy danych) i ich archiwizacja<\/li><li>Dostosowanie system\u00f3w do zg\u0142aszanych przez u\u017cytkownika potrzeb<\/li><li>Zarz\u0105dzanie kontami u\u017cytkownik\u00f3w<\/li><li>Wsparcie w zakresie instalacji i administracji systemami antywirusowymi<\/li><li>Kontrola dost\u0119pu i weryfikacja zabezpiecze\u0144 systemu przed ingerencj\u0105 os\u00f3b trzecich<\/li><li>Administracja (zarz\u0105dzanie oraz konfiguracja) \u015brodowiska wirtualnego<\/li><\/ul>\t\t\t\t\t\t<\/div>\n\t\t\t\t<\/div>\n\t\t\t\t<div class=\"elementor-element elementor-element-a856717 elementor-widget elementor-widget-text-editor\" data-id=\"a856717\" data-element_type=\"widget\" data-widget_type=\"text-editor.default\">\n\t\t\t\t<div class=\"elementor-widget-container\">\n\t\t\t\t\t\t\t<p><strong>ZAKRES 2<\/strong><\/p><ul><li>Weryfikacja poprawno\u015bci funkcjonowania sieci informatycznej (monitoring obci\u0105\u017cenia, eliminacja w\u0105skich garde\u0142, kontrola jako\u015bci okablowania sieciowego)<\/li><li>Konfiguracja sprz\u0119tu sieciowego (router, switch, firewall, access point)<\/li><li>Usuwanie dysfunkcji sieci informatycznej (naprawy, dostawa i wymiany urz\u0105dze\u0144 sieciowych)<\/li><li>Instalowanie i konfigurowanie element\u00f3w aktywnych sieci<\/li><li>Analiza i tworzenie polityki bezpiecze\u0144stwa w sieci informatycznej<\/li><li>Wykonywanie dokumentacji sieci informatycznej<\/li><\/ul>\t\t\t\t\t\t<\/div>\n\t\t\t\t<\/div>\n\t\t\t\t<div class=\"elementor-element elementor-element-2bb0aeb elementor-widget elementor-widget-text-editor\" data-id=\"2bb0aeb\" data-element_type=\"widget\" data-widget_type=\"text-editor.default\">\n\t\t\t\t<div class=\"elementor-widget-container\">\n\t\t\t\t\t\t\t<p><strong>ZAKRES 3<\/strong><\/p><ul><li>Wsparcie w dostawach i wdro\u017ceniu medycznych system\u00f3w informatycznych dla radiologii i kardiologii (zaawansowana wizualizacja, PACS, VNA)<\/li><li>Wyposa\u017cenia \/ doposa\u017cenia infrastruktury informatycznej (dla dzia\u0142\u00f3w IT oraz dzia\u0142\u00f3w aparatury medycznej)<\/li><li>Ustalenia optymalnych i kompletnych parametr\u00f3w infrastruktury informatycznej (dla dzia\u0142\u00f3w IT oraz dzia\u0142\u00f3w aparatury medycznej np. w przypadku zakupu urz\u0105dze\u0144 medycznych)<\/li><\/ul>\t\t\t\t\t\t<\/div>\n\t\t\t\t<\/div>\n\t\t\t\t\t<\/div>\n\t\t<\/div>\n\t\t\t\t\t<\/div>\n\t\t<\/section>\n\t\t\t\t<section class=\"elementor-section elementor-top-section elementor-element elementor-element-d66af7d elementor-section-boxed elementor-section-height-default elementor-section-height-default\" data-id=\"d66af7d\" data-element_type=\"section\">\n\t\t\t\t\t\t<div class=\"elementor-container elementor-column-gap-default\">\n\t\t\t\t\t<div class=\"elementor-column elementor-col-100 elementor-top-column elementor-element elementor-element-3b5959b\" data-id=\"3b5959b\" data-element_type=\"column\">\n\t\t\t<div class=\"elementor-widget-wrap\">\n\t\t\t\t\t\t\t<\/div>\n\t\t<\/div>\n\t\t\t\t\t<\/div>\n\t\t<\/section>\n\t\t\t\t<\/div>\n\t\t","protected":false},"excerpt":{"rendered":"<p>Zakres dzia\u0142ania Wybrane elementy spektrum naszego dzia\u0142ania: ZAKRES 1 Administracja i obs\u0142uga platform sprz\u0119towych (m. in. serwery, macierze dyskowe, biblioteki ta\u015bmowe) Instalacja, konfiguracja, nadz\u00f3r nad systemami operacyjnymi (tak\u017ce w zakresie aktualizacji oprogramowania) Administracja bazami danych, zarz\u0105dzanie kopiami bezpiecze\u0144stwa (backup bazy danych) i ich archiwizacja Dostosowanie system\u00f3w do zg\u0142aszanych przez u\u017cytkownika potrzeb Zarz\u0105dzanie kontami u\u017cytkownik\u00f3w Wsparcie [&hellip;]<\/p>\n","protected":false},"author":2,"featured_media":0,"parent":0,"menu_order":0,"comment_status":"closed","ping_status":"closed","template":"","meta":{"_acf_changed":false,"footnotes":""},"class_list":["post-187","page","type-page","status-publish","hentry"],"acf":[],"_links":{"self":[{"href":"https:\/\/priceless-proskuriakova.5-196-77-226.plesk.page\/index.php\/wp-json\/wp\/v2\/pages\/187","targetHints":{"allow":["GET"]}}],"collection":[{"href":"https:\/\/priceless-proskuriakova.5-196-77-226.plesk.page\/index.php\/wp-json\/wp\/v2\/pages"}],"about":[{"href":"https:\/\/priceless-proskuriakova.5-196-77-226.plesk.page\/index.php\/wp-json\/wp\/v2\/types\/page"}],"author":[{"embeddable":true,"href":"https:\/\/priceless-proskuriakova.5-196-77-226.plesk.page\/index.php\/wp-json\/wp\/v2\/users\/2"}],"replies":[{"embeddable":true,"href":"https:\/\/priceless-proskuriakova.5-196-77-226.plesk.page\/index.php\/wp-json\/wp\/v2\/comments?post=187"}],"version-history":[{"count":32,"href":"https:\/\/priceless-proskuriakova.5-196-77-226.plesk.page\/index.php\/wp-json\/wp\/v2\/pages\/187\/revisions"}],"predecessor-version":[{"id":623,"href":"https:\/\/priceless-proskuriakova.5-196-77-226.plesk.page\/index.php\/wp-json\/wp\/v2\/pages\/187\/revisions\/623"}],"wp:attachment":[{"href":"https:\/\/priceless-proskuriakova.5-196-77-226.plesk.page\/index.php\/wp-json\/wp\/v2\/media?parent=187"}],"curies":[{"name":"wp","href":"https:\/\/api.w.org\/{rel}","templated":true}]}}